e factors of 1343?
17, 79
List the prime factors of 59641.
19, 43, 73
List the prime factors of 1754.
2, 877
What are the prime factors of 32127?
3, 10709
What are the prime factors of 1497?
3, 499
List the prime factors of 113162.
2, 7, 59, 137
List the prime factors of 10169.
10169
What are the prime factors of 5105?
5, 1021
List the prime factors of 9743.
9743
What are the prime factors of 61?
61
What are the prime factors of 14113?
11, 1283
List the prime factors of 3445.
5, 13, 53
List the prime factors of 23379.
3, 7793
List the prime factors of 996.
2, 3, 83
List the prime factors of 6624.
2, 3, 23
List the prime factors of 44819.
44819
What are the prime factors of 2206?
2, 1103
What are the prime factors of 11896?
2, 1487
List the prime factors of 10412.
2, 19, 137
List the prime factors of 687.
3, 229
List the prime factors of 42624.
2, 3, 37
List the prime factors of 3549.
3, 7, 13
List the prime factors of 1417.
13, 109
What are the prime factors of 159307?
17, 9371
What are the prime factors of 112894?
2, 47, 1201
What are the prime factors of 302?
2, 151
What are the prime factors of 361?
19
List the prime factors of 874.
2, 19, 23
What are the prime factors of 23169?
3, 7723
List the prime factors of 27734.
2, 7, 283
What are the prime factors of 766?
2, 383
What are the prime factors of 2500?
2, 5
What are the prime factors of 25074?
2, 3, 7, 199
List the prime factors of 4268.
2, 11, 97
What are the prime factors of 812?
2, 7, 29
List the prime factors of 4051.
4051
List the prime factors of 310.
2, 5, 31
List the prime factors of 9447.
3, 47, 67
What are the prime factors of 39200?
2, 5, 7
List the prime factors of 750.
2, 3, 5
List the prime factors of 4019.
4019
What are the prime factors of 1025?
5, 41
What are the prime factors of 94944?
2, 3, 23, 43
What are the prime factors of 18247?
71, 257
List the prime factors of 1760.
2, 5, 11
What are the prime factors of 2917?
2917
List the prime factors of 38018.
2, 19009
List the prime factors of 26443.
31, 853
List the prime factors of 46260.
2, 3, 5, 257
List the prime factors of 31891.
31891
List the prime factors of 6674.
2, 47, 71
List the prime factors of 80.
2, 5
List the prime factors of 82636.
2, 73, 283
List the prime factors of 551.
19, 29
List the prime factors of 17894.
2, 23, 389
What are the prime factors of 14405?
5, 43, 67
What are the prime factors of 50905?
5, 10181
What are the prime factors of 220?
2, 5, 11
What are the prime factors of 1187?
1187
What are the prime factors of 12842?
2, 6421
List the prime factors of 8981.
7, 1283
List the prime factors of 108889.
11, 19, 521
List the prime factors of 130815.
3, 5, 17, 19
List the prime factors of 2442.
2, 3, 11, 37
List the prime factors of 101267.
101267
What are the prime factors of 12684?
2, 3, 7, 151
What are the prime factors of 101438?
2, 67, 757
List the prime factors of 1259.
1259
What are the prime factors of 2533?
17, 149
List the prime factors of 21333.
3, 13, 547
List the prime factors of 29401.
29401
List the prime factors of 52409.
7, 7487
What are the prime factors of 31382?
2, 13, 17, 71
What are the prime factors of 7509?
3, 2503
What are the prime factors of 53716?
2, 13, 1033
What are the prime factors of 6030?
2, 3, 5, 67
List the prime factors of 2213.
2213
What are the prime factors of 2410?
2, 5, 241
List the prime factors of 5012.
2, 7, 179
List the prime factors of 12894.
2, 3, 7, 307
What are the prime factors of 15934?
2, 31, 257
What are the prime factors of 8514?
2, 3, 11, 43
What are the prime factors of 44660?
2, 5, 7, 11, 29
List the prime factors of 629.
17, 37
List the prime factors of 1650.
2, 3, 5, 11
What are the prime factors of 59303?
31, 1913
What are the prime factors of 1495?
5, 13, 23
What are the prime factors of 3368?
2, 421
List the prime factors of 3366.
2, 3, 11, 17
List the prime factors of 698.
2, 349
List the prime factors of 35766.
2, 3, 1987
List the prime factors of 2978.
2, 1489
What are the prime factors of 11593?
11593
What are the prime factors of 2577?
3, 859
What are the prime factors of 429?
3, 11, 13
What are the prime factors of 6598?
2, 3299
List the prime factors of 1629.
3, 181
List the prime factors of 20497.
103, 199
What are the prime factors of 4133?
4133
What are the prime factors of 99721?
99721
List the prime factors of 41.
41
List the prime factors of 9063.
3, 19, 53
What are the prime factors of 825?
3, 5, 11
List the prime factors of 80379.
3, 13, 229
List the prime factors of 11224.
2, 23, 61
List the prime factors of 11512.
2, 1439
What are the prime factors of 169?
13
What are the prime factors of 32428?
2, 11, 67
What are the prime factors of 18599?
7, 2657
List the prime factors of 823.
823
What are the prime factors of 14488?
2, 1811
What are the prime factors of 1199?
11, 109
What are the prime factors of 31103?
19, 1637
List the prime factors of 890.
2, 5, 89
List the prime factors of 52646.
2, 11, 2393
List the prime factors of 36834.
2, 3, 7, 877
List the prime factors of 17013.
3, 53, 107
List the prime factors of 5449.
5449
What are the prime factors of 83038?
2, 41519
List the prime factors of 1141.
7, 163
What are the prime factors of 67029?
3, 22343
List the prime factors of 4176.
2, 3, 29
What are the prime factors of 45629?
103, 443
List the prime factors of 3212.
2, 11, 73
List the prime factors of 1830.
2, 3, 5, 61
What are the prime factors of 7946?
2, 29, 137
List the prime factors of 1323.
3, 7
What are the prime factors of 64254?
2, 3, 10709
List the prime factors of 43679.
31, 1409
What are the prime factors of 46911?
3, 19, 823
What are the prime factors of 26390?
2, 5, 7, 13, 29
List the prime factors of 134068.
2, 11, 277
What are the prime factors of 2320?
2, 5, 29
List the prime factors of 6873.
3, 29, 79
What are the prime factors of 1046?
2, 523
What are the prime factors of 1564?
2, 17, 23
List the prime factors of 4554.
2, 3, 11, 23
List the prime factors of 866.
2, 433
What are the prime factors of 11303?
89, 127
What are the prime factors of 696?
2, 3, 29
What are the prime factors of 992?
2, 31
List the prime factors of 69339.
3, 29, 797
What are the prime factors of 14777?
7, 2111
What are the prime factors of 10718?
2, 23, 233
List the prime factors of 80.
2, 5
List the prime factors of 2028.
2, 3, 13
What are the prime factors of 1980?
2, 3, 5, 11
List the prime factors of 1020.
2, 3, 5, 17
List the prime factors of 258.
2, 3, 43
List the prime factors of 52033.
61, 853
List the prime factors of 9852.
2, 3, 821
List the prime factors of 4516.
2, 1129
List the prime factors of 3681.
3, 409
What are the prime factors of 15918?
2, 3, 7, 379
What are the prime factors of 6854?
2, 23, 149
What are the prime factors of 95383?
95383
List the prime factors of 10274.
2, 11, 467
List the prime factors of 11010.
2, 3, 5, 367
List the prime factors of 2922.
2, 3, 487
What are the prime factors of 1534?
2, 13, 59
What are the prime factors of 3572?
2, 19, 47
What are the prime factors of 2820?
2, 3, 5, 47
What are the prime factors of 4753?
7, 97
What are the prime factors of 2520?
2, 3, 5, 7
List the prime factors of 3727.
3727
What are the prime factors of 8245?
5, 17, 97
List the prime factors of 2700.
2, 3, 5
What are the prime factors of 511?
7, 73
What are the prime factors of 21487?
21487
List the prime factors of 384.
2, 3
List the prime factors of 69548.
2, 17387
List the prime factors of 40305.
3, 5, 2687
List the prime factors of 4442.
2, 2221
What are the prime factors of 973?
7, 139
What are the prime factors of 1463?
7, 11, 19
What are the prime factors of 1138?
2, 569
List the prime factors of 3286.
2, 31, 53
What are the prime factors of 12717?
3, 157
List the prime factors of 5646.
2, 3, 941
What are the prime factors of 25191?
3, 311
What are the prime factors of 3568?
2, 223
What are the prime factors of 2848?
2, 89
What are the prime factors of 77701?
13, 43, 139
List the prime factors of 2175.
3, 5, 29
List the prime factors of 25669.
7, 19, 193
List the prime factors of 1915.
5, 383
List the prime factors of 25535.
5, 5107
What are the prime factors of 82861?
41, 43, 47
List the prime factors of 4559.
47, 97
What are the prime factors of 2658?
2, 3, 443
List the prime factors of